 is the highest common factor of p and 24?
12
Let h be 5 + (-4)/12*-1*3. Let b(v) = 2*v**2 + 15*v - 6. Let n be b(h). Suppose -n = m - 14*m. What is the greatest common factor of 48 and m?
12
Suppose 25 = 2*a - 5. Suppose -a*g + 11 + 19 = 0. What is the highest common divisor of 8 and g?
2
Suppose 4*d + 7*f - 180 = 3*f, -4*d + 186 = 2*f. What is the highest common divisor of 35472 and d?
48
Let b = 11227 - -25502. What is the greatest common factor of 99 and b?
99
Let s(c) = 35 + 3 - c - 5*c. Suppose 0 = -3*n - q - 31, 4*n + 39 = -3*q + 4*q. Let i be s(n). Calculate the greatest common factor of i and 14.
14
Let j(y) = -y + 20. Let h be j(11). Suppose -5*c + h = -2*c, 0 = 5*v + 2*c - 31. Calculate the highest common factor of v and 160.
5
Let y be 414540/72 - (3/(-6))/(-1). Calculate the highest common factor of 202 and y.
101
Let s(o) = 3*o + 59. Let n(l) = -5*l + 21. Let r be n(6). Let j be s(r). Let t be ((-9240)/j)/(-3) - (-2)/(-8). What is the highest common factor of t and 24?
24
Let h be -857 - -857 - (-2 - 3483 - (-1 + 0)). Calculate the highest common divisor of 156 and h.
52
Suppose -3 = 10*u - 103. Suppose -u*r = -4*r - 384. Let b = 67 - r. What is the highest common divisor of 39 and b?
3
Suppose 5*x + 8 = -42. Suppose m = -5*z + 15, m - z = -0*m + 21. Let p be 2 + (-48)/m - 844/x. Calculate the highest common factor of p and 28.
28
Suppose -4*p + 2*m + 12 = 0, -2*p - 2*p = m - 6. Suppose -3*i - p*d + 88 = 0, 9*i + 3*d - 117 = 5*i. What is the highest common divisor of i and 110?
10
Suppose p - 1110 = -3*f + 6*p, 0 = -p + 3. Suppose 33*z - f = 28*z. Calculate the highest common divisor of 25 and z.
25
Suppose 2412 = 5*n + y, 0 = 28*y - 26*y + 6. Let f = n - 444. Let q be (-4 - 1)*(-26)/5. Calculate the highest common factor of f and q.
13
Suppose 30*k + 7*k - 2220 = 0. What is the highest common factor of k and 3084?
12
Let a(n) = -42*n**3 + 7*n**2 + 7*n - 1. Let d be a(-3). Suppose 1945 = 26*j - d. Calculate the greatest common factor of 32 and j.
8
Let k(z) = -11*z + 60. Let x = -136 - -136. Let n be k(x). What is the highest common divisor of 20 and n?
20
Let b = -4373 + 6037. Calculate the highest common factor of 32 and b.
32
Let k be (4 - 3*30/21)*-7. Suppose -w - 3*o = -8*o - 227, w + k*o = 199. Calculate the greatest common divisor of w and 69.
69
Let d(i) = 2*i**2 + 5*i. Suppose -3*s + 58 - 40 = 0. Let a be d(s). Let q(m) = 5*m**2 - 4*m + 4. Let h be q(4). Calculate the highest common factor of h and a.
34
Suppose -4*c - 5*l = -12, -4*l = 5*c - 23 + 8. Calculate the greatest common factor of 87 and c.
3
Let j(r) = -r**2 - 17*r - 34. Let a be j(-13). Let p be (a/(-10) + 1)/(2/745). Let m be 3/(-9) + p/(-3). What is the highest common factor of m and 33?
33
Suppose -67*i + 111*i - 1132 = 1716 + 848. Let k = -2 + 8. Let l be 1 - (-3)/(k/40). What is the highest common factor of l and i?
21
Let f = 87 + -84. Suppose -f*o = 5*g - 46, -o - o + g = -9. Let c be 21*(4 - (-10)/(-3)). Calculate the highest common factor of o and c.
7
Suppose 24*p = 1117 + 42632 - 8229. What is the greatest common factor of 2035 and p?
185
Suppose 0 = -2*g - 28*o + 31*o + 519, -3*g - 2*o + 746 = 0. Calculate the highest common divisor of g and 112.
28
Let i = 496 + -244. Suppose 199*o + 52*o = -442*o + 24948. What is the highest common factor of i and o?
36
Let v be (-2800)/(-28)*3/5. What is the greatest common factor of 11120 and v?
20
Let w be (-490)/(-70)*(-160)/(-14). What is the greatest common factor of w and 80?
80
Suppose -531 - 397 = -20*f + 4*f. Let v be 4 + -4 + 115 - -1. Calculate the highest common divisor of f and v.
58
Let c(i) = 2*i**2 - 19*i - 22. Let z be c(10). Let g(r) = -r**2 - 17*r - 30. Let w be g(z). What is the greatest common factor of 30 and w?
30
Let g(r) = -r**3 - 4*r**2 - 3*r - 27. Let o be g(-5). Let y be (-3 + 0 - -4)*13. What is the greatest common divisor of y and o?
13
Let h = -238 + 583. Suppose 5*n = 5*v + 3275, 4*v + h + 975 = 2*n. What is the highest common divisor of 50 and n?
50
Let r(p) = -p + 22. Let c(w) = -7*w + 4. Let t be c(0). Let b be r(t). Calculate the greatest common divisor of b and 792.
18
Let v = -58 - -115. Suppose 2*c - 3*a = 59 + 97, 2*c = 2*a + 156. Let k = c - v. Calculate the greatest common factor of 7 and k.
7
Let s(k) = 17*k**2 + 15 + 3*k + 2*k - 2*k + 6*k + 5*k. Let w be s(-1). What is the highest common factor of 99 and w?
9
Let o(r) = 13*r + 353. Suppose 9 = -a - 5*u, 0 = -3*a - 32*u + 27*u - 47. Let y be o(a). Calculate the greatest common factor of 1166 and y.
106
Suppose -n + 43 = -4*b + 3*b, 4*b = 3*n - 132. Suppose -3*s = -z - 2 - 2, s - 4 = z. Suppose s*c - 9*c = -270. Calculate the highest common factor of c and n.
10
Let w = -861 + 436. Let t = w + 429. What is the greatest common divisor of 1 and t?
1
Let a(c) = 8 - 41 + 11 + 4*c + 11. Let r be a(3). Let j(g) = 30*g**2 + 3*g - 3. Let d be j(r). Calculate the highest common divisor of 20 and d.
10
Suppose 11*q - 13109 + 4034 = 0. What is the highest common divisor of q and 5445?
165
Suppose 7*o = 4*o + 36. Suppose -43*v - 220 = -48*v. Let i = v - 32. Calculate the greatest common factor of i and o.
12
Suppose -11*i + 12 = -10. Let q be (-1 + -1)/i - 753*-1. Calculate the highest common divisor of q and 16.
16
Let s be (850/(-12))/(-5) - 168/144. Let m(v) = -v**3 - 16*v**2 - 8*v - 11. Let c be m(-16). Calculate the highest common factor of s and c.
13
Suppose 121*y - 15511 = -5*k + 118*y, k - 3*y - 3113 = 0. What is the greatest common factor of k and 224?
32
Let p(c) = -c**3 - 7*c**2 + 8*c - 10. Let a be p(-9). Suppose -19*g = 7*g + 2491 - 8211. What is the greatest common factor of a and g?
20
Let d be (-627 + 6)*80/(-6). Calculate the greatest common factor of d and 120.
120
Let a be (-114)/((-2)/((-40)/15)). Let s = a - -160. Let v = -107 - -195. Calculate the greatest common factor of v and s.
8
Let x(f) = f**2 - 10*f + 4. Let i be x(14). What is the highest common divisor of i and 3750?
30
Suppose 0*q + 22*q = 88. Suppose q*t + 12*i = 14*i + 70, 4*t + 4*i - 76 = 0. Calculate the greatest common factor of 522 and t.
18
Let h(f) = -f**3 - 8*f**2 - 26*f - 124. Let k be h(-7). Let y be 6*(-39)/(-4)*2. What is the greatest common factor of k and y?
9
Suppose -3*n = -5*n + 84. Let d be 3 + ((-261)/18)/(2/(-28)). Let p = d - 143. Calculate the greatest common divisor of p and n.
21
Let n be (-1029771)/(-99) + 72/264. What is the greatest common divisor of 14 and n?
14
Let x = 291 + -261. Let o be 5/x + (-50)/12 + 108. What is the greatest common divisor of o and 32?
8
Suppose -15*g + 18*g = 231. Suppose 33*z = 15*z + 252. What is the highest common factor of g and z?
7
Suppose -71*f + 54*f = 58*f - 73800. Calculate the highest common divisor of f and 504.
24
Let x(m) = m**3 - 9*m**2 - 14*m - 9. Let l be x(10). Let d be (l/(-14) - -2*1)*2. Suppose 0 = 4*g + d - 219. What is the greatest common factor of g and 78?
26
Suppose -4*t + 17 = -2*q - 5, 2*t - 3*q - 21 = 0. Suppose -2*g = t*l - 147, -g + 3*l + 15 = -72. Calculate the highest common factor of g and 18.
6
Suppose -105 + 29 = -4*p. Let c(a) = -a**3 - 8*a**2 - 16*a - 5. Let m be c(-9). Let b = m + -87. Calculate the greatest common divisor of b and p.
19
Let h be 15/(-2) + (-24)/(-48). Let y(r) = 3*r + 25. Let u be y(h). What is the greatest common divisor of u and 9?
1
Let a = 5 - 3. Let j be 27 + (-2 - (a + -2)). Let h(i) = -3*i**2 + 120*i - 258. Let s be h(3). What is the highest common divisor of j and s?
25
Suppose -31*n + 495 = -213 - 2268. What is the highest common factor of 1812 and n?
12
Suppose -5*c = -71*a + 67*a + 650, c = -5*a + 798. What is the greatest common factor of 20 and a?
20
Let p be ((-4169)/22 + 18)*-42. What is the greatest common divisor of 441 and p?
147
Let h = -490 - -2209. What is the highest common divisor of h and 18?
9
Let z be -1 + 0/3*-1. Let v be z/(-4) - (-3122)/56. Let b = v - -54. What is the greatest common factor of b and 10?
10
Suppose 0 = -37*k + 34*k - 3*q + 240, 4*k - q - 325 = 0. What is the greatest common divisor of k and 1?
1
Let h = -231 + 352. Suppose 0 = 9*i - 62 - 37. What is the greatest common factor of i and h?
11
Let d be 12 + (163940/910 - 4/26). What is the greatest common factor of 792 and d?
24
Suppose 9 = -4